94 divide 102013271?
False
Is 35 a factor of 3562265?
True
Is 21663690 a multiple of 17?
False
Does 159 divide 33185208?
True
Is 263523460 a multiple of 395?
True
Does 385 divide 15064280?
True
Is 3064274856 a multiple of 4327?
False
Is 705 a factor of 679630505?
False
Is 198 a factor of 7123706639?
False
Is 33271090 a multiple of 217?
False
Is 70762526 a multiple of 11?
False
Is 32 a factor of 215325376?
True
Is 208 a factor of 41104960?
True
Is 1466221348 a multiple of 937?
True
Is 1240817023 a multiple of 58?
False
Does 53 divide 8208693?
True
Is 1603810887 a multiple of 789?
False
Does 9 divide 2348104806?
True
Is 5 a factor of 1878240?
True
Does 1361 divide 46769404?
True
Is 584594408 a multiple of 3592?
True
Is 13 a factor of 290295304?
True
Is 39 a factor of 2312090469?
True
Is 242323114 a multiple of 2354?
True
Does 115 divide 212292523?
False
Is 106492008 a multiple of 982?
True
Is 620860375 a multiple of 5?
True
Is 56942890 a multiple of 2?
True
Does 219 divide 423108?
True
Is 4 a factor of 767629992?
True
Is 98 a factor of 81205008?
False
Is 3311408838 a multiple of 4498?
False
Is 29 a factor of 22661470?
True
Does 2467 divide 105109002?
True
Is 3489809200 a multiple of 316?
True
Is 155 a factor of 92798965?
True
Does 14 divide 254170266?
True
Is 552 a factor of 66991272?
True
Is 29453260 a multiple of 7?
False
Does 608 divide 63607331?
False
Does 1981 divide 146407786?
True
Does 1000 divide 235284237?
False
Does 580 divide 1692843680?
True
Is 40442043 a multiple of 141?
True
Is 74 a factor of 1400336029?
False
Is 384 a factor of 1583712?
False
Is 39450382 a multiple of 1898?
False
Is 12 a factor of 84328572?
True
Does 54 divide 1446393588?
False
Does 114 divide 52131067?
False
Does 2826 divide 369044865?
False
Is 145 a factor of 122050560?
True
Is 1840113408 a multiple of 84?
True
Is 2806 a factor of 2696847019?
False
Does 13 divide 288570280?
False
Does 146 divide 169811119?
False
Is 49090562 a multiple of 364?
False
Does 4648 divide 63519568?
True
Is 2882624265 a multiple of 7378?
False
Does 361 divide 55144194?
True
Does 496 divide 4520048?
True
Is 1038 a factor of 1653534?
True
Is 24265575 a multiple of 115?
True
Is 329 a factor of 74522777?
True
Is 209 a factor of 3925438?
True
Does 2 divide 445331?
False
Does 4 divide 64873372?
True
Does 102 divide 48493248?
True
Is 413647790 a multiple of 15?
False
Is 27 a factor of 19829816?
False
Is 12 a factor of 673737888?
True
Is 580 a factor of 104645920?
True
Does 32 divide 30389086?
False
Is 36 a factor of 1436088888?
True
Does 69 divide 730994980?
False
Does 497 divide 5050514?
True
Does 3374 divide 114169412?
True
Is 17010662 a multiple of 19?
True
Does 712 divide 14169310?
False
Is 189 a factor of 21354165?
True
Is 2 a factor of 286456855?
False
Does 43 divide 1760228650?
True
Is 4042199727 a multiple of 6554?
False
Does 291 divide 785795?
False
Is 66 a factor of 66016830?
True
Is 392174104 a multiple of 23?
True
Is 26462865 a multiple of 949?
True
Is 166300557 a multiple of 27?
False
Does 9 divide 268352811?
True
Is 1817 a factor of 16438399?
True
Is 18 a factor of 54712872?
True
Is 6 a factor of 2047726?
False
Does 1716 divide 108087408?
True
Is 735591012 a multiple of 6?
True
Is 1897748999 a multiple of 64?
False
Is 334 a factor of 4624703484?
False
Is 175896508 a multiple of 1286?
True
Does 17 divide 26032411?
False
Does 26 divide 213621812?
False
Is 4845687 a multiple of 11?
True
Does 101 divide 266950906?
False
Is 367713258 a multiple of 66?
True
Is 30339639 a multiple of 99?
True
Is 9742516 a multiple of 7?
True
Does 66 divide 73679232?
True
Does 327 divide 253646052?
True
Does 10 divide 2467381?
False
Is 282719820 a multiple of 414?
False
Does 58 divide 20758622?
False
Is 7297436 a multiple of 4?
True
Is 26 a factor of 4113818467?
False
Is 15 a factor of 412487495?
False
Is 607 a factor of 348691311?
False
Is 610069491 a multiple of 8634?
False
Does 9 divide 63926547?
False
Does 162 divide 39476614?
False
Is 374 a factor of 239986450?
True
Does 9 divide 78306561?
True
Is 4408 a factor of 3188663565?
False
Does 172 divide 2697046688?
True
Is 14 a factor of 295909663?
False
Does 49 divide 21894860?
False
Is 107526477 a multiple of 41?
True
Is 230 a factor of 43772220?
True
Is 2990 a factor of 960785670?
True
Does 147 divide 1549453805?
False
Is 192 a factor of 17209887?
False
Is 29 a factor of 1255923445?
True
Is 1986 a factor of 113205972?
True
Is 47062786 a multiple of 1366?
False
Does 6 divide 557632821?
False
Is 66 a factor of 47387923?
False
Does 2386 divide 21359472?
True
Is 1386 a factor of 115292850?
False
Is 441701745 a multiple of 555?
True
Is 8128505 a multiple of 35?
True
Is 664 a factor of 21002980?
False
Is 8214522 a multiple of 19?
False
Is 71688846 a multiple of 108?
False
Does 430 divide 101597489?
False
Is 76747120 a multiple of 5?
True
Does 1914 divide 479166815?
False
Does 118 divide 17400752?
True
Is 41583520 a multiple of 176?
True
Does 2685 divide 97458129?
False
Is 88682851 a multiple of 23?
False
Does 265 divide 5708782?
False
Does 13 divide 393839620?
False
Is 1880703 a multiple of 13?
False
Is 12 a factor of 176764639?
False
Is 139354922 a multiple of 16?
False
Is 82 a factor of 182512641?
False
Does 2101 divide 348366853?
False
Is 1639 a factor of 15348694?
False
Is 141 a factor of 221680000?
False
Is 322298639 a multiple of 579?
False
Is 38586180 a multiple of 60?
True
Does 344 divide 89932264?
True
Does 13448 divide 40312524?
False
Does 43 divide 1872226801?
False
Is 32 a factor of 16275805?
False
Is 385507789 a multiple of 10?
False
Is 19998540 a multiple of 15?
True
Does 3551 divide 23933740?
True
Does 19 divide 4715306?
True
Is 12 a factor of 905463144?
True
Is 7 a factor of 2474550665?
False
Is 754096757 a multiple of 781?
False
Does 55 divide 13518474?
False
Is 2469339958 a multiple of 772?
False
Is 8355040 a multiple of 316?
True
Does 21 divide 1836744?
True
Is 95949652 a multiple of 23?
True
Is 1298 a factor of 11129052?
True
Is 24379224 a multiple of 25?
False
Does 4380 divide 3099612436?
False
Does 236 divide 17294080?
True
Is 1374047896 a multiple of 2287?
True
Does 57 divide 665336178?
False
Is 30 a factor of 179770290?
True
Is 2835 a factor of 1214588656?
False
Is 102 a factor of 10318728?
True
Is 34 a factor of 970598?
True
Is 107303308 a multiple of 1068?
False
Is 72540624 a multiple of 39?
True
Does 511 divide 137167430?
False
Does 39 divide 28765347?
True
Is 81337954 a multiple of 5?
False
Does 980 divide 104454189?
False
Is 66812258 a multiple of 910?
False
Is 10 a factor of 3301104?
False
Does 8 divide 46021192?
True
Is 140842028 a multiple of 137?
True
Is 14 a factor of 51451750?
True
Is 863 a factor of 1399199934?
False
Does 379 divide 553707251?
True
Is 7532448 a multiple of 14?
True
Does 821 divide 42796825?
False
Does 200 divide 10663814?
False
Is 483415536 a multiple of 34?
True
Does 164 divide 118996104?
True
Does 36 divide 1477415556?
True
Does 4944 divide 443867376?
True
Does 265 divide 80547056?
False
Is 5 a factor of 14056311?
False
Does 1646 divide 154739642?
False
Is 130688604 a multiple of 10?
False
Is 2295 a factor of 224699253?
False
Is 65 a factor of 758988230?
True
Is 671 a factor of 233828067?
True
Does 14 divide 72910094?
False
Does 3316 divide 3134419115?
False
Is 2274 a factor of 49695996?
True
Is 94 a factor of 717672291?
False
Is 4 a factor of 25183830?
False
Is 159 a factor of 610660691?
False
Is 232151717 a multiple of 257?
False
Is 540028262 a multiple of 14?
False
Does 1198 divide 4360374?
False
Does 2 divide 109732535?
False
Does 391 divide 176785116?
False
Is 158007834 a multiple of 18?
True
Does 16 divide 497618764?
False
Is 53669074 a multiple of 86?
True
Does 74 divide 21535702?
True
Does 3460 divide 1271215006?
False
Is 609 a factor of 138307554?
True
Is 17426341 a multiple of 1679?
True
Does 651 divide 274237005?
True
Does 649 divide 11952139?
False
Is 1007 a factor of 3096434370?
True
Is 233 a factor of 457050539?
False
Is 715 a factor of 1093652965?
False
Does 48 divide 58344096?
True
Is 191585368 a multiple of 58?
True
Does 389 divide 26613423?
False
Does 646 divide 70953860?
False
Is 2268666264 a multiple of 61?
False
Is 696 a factor of 456711720?
True
Is 34 a factor of 300925286?
Fal